+ b. What is the units digit of y?
0
Let b = -135 + 222. What is the units digit of b?
7
Let r(x) = 5*x**2 - 7*x - 4 - x - 3 - 4*x**2. What is the tens digit of r(11)?
2
Let o(k) = k**3 + 5*k**2 - 7*k + 5. Let s(a) = a**3 - 3*a**2 + 2*a - 3. Let t be s(2). Let d be 6/(-5)*(2 - t). What is the tens digit of o(d)?
1
Let m(f) = f - 3. Let k be m(6). Suppose j - k = -0*j. What is the units digit of j?
3
Let a(w) = w**3 + 9*w**2 + 6. Let u be a(-9). What is the units digit of (-13)/(2*(-3)/u)?
3
Let l(o) be the first derivative of -o**6/360 + o**5/12 + o**4/3 + 2*o**3/3 + 2. Let h(b) be the third derivative of l(b). What is the units digit of h(10)?
8
Suppose -11*z = -10*z - 43. What is the tens digit of z?
4
Let l(j) = 5*j**2 + 2*j + 5. Let k(t) = 2*t**2 + 3 + t**2 + t + 0*t**2. Let p(d) = 7*k(d) - 4*l(d). What is the units digit of p(1)?
1
Suppose -4*t + 3*t + 9 = 2*c, -2*t = -2*c - 6. Suppose c*w + 2 = 6. What is the units digit of (w + -3)/((-2)/2)?
1
Let v = 1 - -3. Suppose -3*l - v*b = -4, -4*b + 4 = 2*l - 0*l. What is the tens digit of (16 - l/1) + -3?
1
Suppose 3*t - 12 + 0 = 0. What is the units digit of 2*(-2)/t*-31?
1
Let h(a) = 5*a + 25. What is the tens digit of h(12)?
8
Suppose -3*o - 4 = -25. Suppose -5*r + o = -2*c, 0*r - 4*r = 2*c - 2. What is the units digit of r?
1
What is the tens digit of ((-204)/(-9))/((-2)/(-3))?
3
Let h(g) be the first derivative of g**3/3 + g + 3. Let w = -5 - -7. What is the units digit of h(w)?
5
Let r(j) = -j**2 + 5*j + 2. Suppose -4*h - 11 = -c - 3, -32 = -4*c + 3*h. Suppose 3*d + o = 12, -3*d + c*o + 30 = 3*o. What is the units digit of r(d)?
2
Suppose 2*l = 6*l - 284. Suppose -37 = -4*h + l. What is the tens digit of h?
2
Let j be 88/8*1/1. Suppose -6*k = -j*k + 125. What is the tens digit of k?
2
Suppose 3*q + p = 10, 2*p = q - 0*q + 6. Suppose y - i - 20 = 3*i, -q*i = -5*y + 28. What is the units digit of (16/(-12))/(y/(-6))?
2
Let k be (-1)/(3 - 192/63). Let v = k + -3. What is the units digit of v?
8
Let x(i) = i**2 - 5*i + 4. Let t(v) = v**2 - 4*v + 4. Let r = 0 + 2. Let m(p) = r*t(p) - 3*x(p). What is the units digit of m(6)?
2
Let c = 440 - 248. What is the units digit of c?
2
Let y(u) = -u**2 - 18*u + 22. What is the tens digit of y(-9)?
0
Let g(f) = -f**3 + 6*f**2 - 5*f + 4. Let b be g(5). Let z = 8 - b. What is the units digit of (-9 + z/2)*-1?
7
Let h(u) = 41*u + 44. Let l(o) = 14*o + 15. Let x(c) = -6*h(c) + 17*l(c). What is the units digit of x(-5)?
1
Let h = -74 + 108. Suppose 0 = 3*u - 42 - 15. Let t = h - u. What is the tens digit of t?
1
Suppose -2*k + 2 = 4*v, 3*v + 0*k = -k. What is the tens digit of v/2 - (-216)/16?
1
Let o be (12/(-8))/((-3)/(-4)). What is the units digit of 14 + o/6*0?
4
Let f(j) = 4*j + 11. What is the tens digit of f(3)?
2
What is the tens digit of (227/(-2))/(-7 + 26/4)?
2
Let o(w) be the third derivative of w**4/24 + 41*w**3/6 + 8*w**2. What is the units digit of o(0)?
1
Suppose n + 3*y = 53, -n = -0*y - 4*y - 32. What is the tens digit of n?
4
Let a be 4*1/2 - -1. Suppose 11 = k - a*p, 0*k = 3*k - 4*p - 48. What is the tens digit of k?
2
Let z be (-45)/3*(-4)/12. Suppose z*t + 28 = 223. What is the tens digit of t?
3
Suppose -7*b + 16 = -3*b. Suppose z - 2*z + b = 0. Suppose -3*r - z*d + 9 = 0, -d - 10 = r - 2*r. What is the units digit of r?
7
Suppose -3*x - 8 = 1, h = 3*x + 61. What is the tens digit of h?
5
What is the units digit of 946/12 - (-30)/180?
9
Let g be -1 + 0 - (1 + 8). Let t be 32/(-10)*g/4. Suppose -t - 3 = -u. What is the tens digit of u?
1
Let k(f) = -f + 3. Let w(j) = -j + 2. Let r(n) = -4*k(n) + 5*w(n). Let z = -8 - -2. What is the units digit of r(z)?
4
Let m = 171 + -97. What is the units digit of m?
4
Let i(z) = 11*z + 4. Let k be i(6). Suppose k = 5*p + 4*x, -5*x - 8 = p - 22. What is the tens digit of (-72)/(-7) + (-4)/p?
1
Suppose 3*m - 4*h = -15, m + m - 4*h = -14. Let t be 0/(m + (1 - 3)). Suppose b + 2 = i, -2*b + t*i = i - 5. What is the units digit of b?
1
Let s(g) = -g + 9. Let h be s(8). What is the units digit of h*((12 - -1) + 0)?
3
Let f = 3 - 0. Let a be (f - 2)/(-1)*-1. Suppose 4*m + 2*n = 28, -a = -n + 3. What is the units digit of m?
5
Let u(r) = 2*r**3 - 5*r**2 + 4*r. What is the units digit of u(3)?
1
Let a(n) = n**3 - 4*n**2 + 2*n - 4. Let c be a(3). Let h = 20 + c. What is the tens digit of h?
1
Let f = -33 - -62. Let h = f - 17. What is the units digit of h?
2
Let o(f) = f**2 + 5*f - 1. Let z be o(-6). Suppose 0 = z*r - 20. What is the units digit of r?
4
What is the tens digit of ((-5)/(-5)*-1)/(1/(-26))?
2
Suppose 20 = -u + 5*u. Let r(x) = -x**3 + 6*x**2 - 3*x - 7. What is the units digit of r(u)?
3
Suppose -18 = -4*c - 2*h + 5*h, 0 = 3*h + 6. What is the units digit of c?
3
Suppose -2*r + 4*o - 2 = -0, -3*o - 16 = -5*r. What is the tens digit of (1/(-2))/(r/(-210))?
2
Suppose 0 = -4*g + 7*g - 81. What is the units digit of g?
7
Suppose -6*z + 206 = -862. What is the hundreds digit of z?
1
Let v(s) = 3 + 3*s + 4*s - 2 + 3*s. What is the units digit of v(1)?
1
Let v(d) = d**2 - 4*d - 2. Let m be v(3). Let s(z) = -z**3 - 4*z**2 + 3*z - 3. What is the units digit of s(m)?
7
Suppose -4*j = -9 - 7. Suppose j*i - 12 = 0, 2*n + 2*i - 3*i = 11. What is the units digit of n?
7
Let b(w) = w**3 + 4*w**2 + 2*w + 6. Let v be b(-4). Let p(t) = 2*t**3 - 1 + 0 + 2 - t**2 - 3*t**3. What is the units digit of p(v)?
5
Let y(b) = -b**3 - 3*b**2 + 5. Let r be y(-4). Let c = r - 12. What is the units digit of c?
9
Let d be -2 - 1*(-10)/2. Suppose d*h = -0*h + 9. What is the units digit of h?
3
What is the units digit of 1078/35 - 2/(-10)?
1
What is the tens digit of 0 + 0 - (-7 + -7)?
1
Suppose 3*w = -6 + 18. Suppose -4*n - w*a + 60 = a, 2*n + 3*a - 30 = 0. What is the tens digit of n?
1
Suppose 0 = 5*r + 9 - 4. Let x be (3*(-2 - -1))/r. Suppose 24 = x*u + u. What is the units digit of u?
6
Suppose -3*t + 9 = 0, -5*q + 2*t = 7*t + 55. What is the units digit of (-518)/q - (-1 + -1)?
9
Suppose b + 43 = 6*z - 2*z, -2*b = -4*z + 38. Let d = z + -17. What is the units digit of (-7)/(-5) + 2/d?
1
Let a(s) = s**2 - 8*s - 4. What is the units digit of a(9)?
5
Suppose -4*b + 0*f + 182 = f, -b = 4*f - 53. What is the tens digit of b?
4
Suppose 0 = 4*q + 2*r - 10, -q + r + 0 = -10. Suppose -3*k - 7 = 6*o - 2*o, 5*o = q*k. Let s = o - -5. What is the units digit of s?
4
Let h be 3*(-3 - (-5)/3). Let a(g) = -g**3 - 5*g**2 - 6*g - 2. Let u be a(h). Let j = 7 - u. What is the units digit of j?
1
Suppose -m - 2*m + 3*j = -9, -5*m + 42 = 4*j. Let k = 1 - 2. Let t = k + m. What is the units digit of t?
5
Let x be (16/28)/(4/14). Suppose 2*l = -3*m + 8, 0 = x*l - 5*m + 4 - 44. What is the tens digit of l?
1
Suppose 0 = -5*q + 3*q + 386. What is the hundreds digit of q?
1
Let y be (2/6 + 2)*3. Suppose 43 = 3*t + 2*x, 20 = -3*x + y*x. What is the units digit of t?
1
Let b(q) = -q**2 - 6*q. Let u be b(-6). Suppose -2*x = -4 - u. What is the units digit of x?
2
Let i(z) = -z**3 - 8*z**2 - 3*z - 9. Let s(d) = -d**3 + d**2 - 2*d. Let a be s(2). What is the tens digit of i(a)?
1
Suppose -w - 3*w = d - 3, 9 = 3*d + 4*w. Suppose -7*g + 5*j = -3*g - 83, d*g - 39 = -4*j. What is the units digit of g?
7
Let f(s) = s**3 - 5*s**2 - s - 3. Let k be f(6). Let r(m) = -m**3 - m**2 + m + 3. Let y be r(0). Suppose k = -0*p + y*p. What is the units digit of p?
9
Let g(q) = -10*q + 9. What is the tens digit of g(-4)?
4
Let h be (-4)/((4/17)/2). Let d = h - -50. What is the units digit of d?
6
Let q(o) = -o + 64. What is the units digit of q(-9)?
3
Let w(j) = 2*j + 75. Let f be w(0). Suppose 3*h = -3*z + f, -5*z + 5*h = 4*h - 125. What is the tens digit of z?
2
Let k(x) = x**3 + 5*x**2 + 2*x. Let z be (-4)/(2 - (3 + -2)). Let g be k(z). Suppose -2*j - g = -4*j. What is the units digit of j?
4
Suppose 5*m = -0*m + 900. What is the units digit of m?
0
Let k be 8/2*(-3)/(-4). Suppose k*d - 65 = -23. What is the tens digit of d?
1
Suppose 5*g = 3*z + 2*z + 20, 3*g - 12 = 5*z. Suppose z = c - 6 - 8. What is the tens digit of c?
1
Suppose -6*y + 2*y + 901 = 3*a, 3*y - 2*a = 680. What is the tens digit of y?
2
Let i(j) be the third derivative of -j**6/120 + j**5/6 + 11*j**4/24 + 2*j**3 + 5*j**2. What is the tens digit of i(11)?
1
Let y be 5/(-2)*(-5 + 3). Let l(f) = -f**2 + 